6. Suppose -x = -5*f - 367. Let r be (f/(-5))/((-36)/(-120)). What is the highest common factor of 16 and r?
16
Let s be (16/10)/((-34)/(-765)). Calculate the highest common factor of s and 36.
36
Let p be 78*12/20*15/6. Calculate the greatest common factor of 156 and p.
39
Let i(f) = f**3 - 10*f**2 + 10*f + 12. Let m be i(9). Let z be (-12 - -10) + -1 + 108. Calculate the highest common factor of m and z.
21
Suppose -14*w + 73 = -11. Calculate the greatest common divisor of 54 and w.
6
Suppose 594 = 3*l - 2*l. Let i = 740 - 686. What is the highest common divisor of l and i?
54
Let j = 1983 + -1969. Calculate the highest common divisor of 18 and j.
2
Let o be -21*(-15)/90*(-120)/(-14). Calculate the highest common factor of 102 and o.
6
Let s be 53/1 - 2 - 1. Let z(r) = 11*r**2 - 2*r - 3. Let p(l) = 2*l - 3. Let b be p(1). Let a be z(b). What is the greatest common divisor of a and s?
10
Let s(y) be the first derivative of y**2 + y + 4. Let c be s(2). Suppose -6*t + c*t + 7 = 0. What is the greatest common divisor of 21 and t?
7
Let l = -76 - -38. Let f = l - -68. Let d = -396 + 416. Calculate the greatest common divisor of d and f.
10
Let s(f) be the first derivative of f**3/3 - f**2 - 2*f + 13. Let m be s(-1). What is the highest common factor of 1 and m?
1
Let c = -1113 - -2585. What is the greatest common divisor of 46 and c?
46
Let j be (-3)/(-21) + (-15276)/(-84). What is the highest common divisor of 130 and j?
26
Let r be (2 - 14)*171/(-18). Calculate the highest common factor of r and 3078.
114
Let l = 331 + -304. Calculate the greatest common factor of 864 and l.
27
Let m(n) = -n**3 + 6*n**2 + 5*n - 10. Let b be m(8). Let p = b - -173. Let a(k) = k**3 + 50. Let j be a(0). Calculate the highest common divisor of p and j.
25
Suppose -g + 81 = 2*g - 5*u, 5*u - 29 = -2*g. Suppose -2*p = -4*y - 0*p + 8, 2*p = -5*y + 10. Calculate the highest common divisor of y and g.
2
Suppose 16*o - 48 - 48 = 0. What is the highest common factor of o and 1044?
6
Suppose -796 = -3*r + 9*z - 5*z, -3*r - 3*z + 831 = 0. What is the highest common factor of r and 28?
4
Suppose -20*d - 5 + 29 = -18*d. Let c = -121 + 169. Calculate the greatest common factor of c and d.
12
Suppose -p = 2, k - 3*p = -0*k + 62. What is the highest common divisor of 252 and k?
28
Suppose -q + 2*o = -32, q - 4*o = 8 + 26. Let a = 105 + -99. What is the highest common factor of q and a?
6
Suppose -3*y = -2*c + 607, -4*y + 1483 = 5*c - 0*y. Calculate the highest common divisor of 92 and c.
23
Let z be (90/(-8))/(45/(-240)). Suppose 0 = 5*p - 2*p - z. What is the greatest common factor of 180 and p?
20
Suppose 3*d + 0*d - 4*i - 97 = 0, 3*i = -4*d + 171. Suppose 3*q + d - 204 = 0. What is the greatest common divisor of 22 and q?
11
Suppose -d + 5 = -9. Suppose -3*p = -126 + 42. Suppose -3*c + 6 + p = 4*z, -6 = -c - 4*z. Calculate the highest common factor of d and c.
14
Suppose -2*d - 2327 = -5*h, -258*h + 3*d - 462 = -259*h. Calculate the highest common factor of 15 and h.
15
Suppose -5*u + 2*u + 21 = 0. Suppose 3*g = -5*o - 7, 2*g + u = -1. Suppose -o = -x + 7. Calculate the greatest common factor of x and 56.
8
Suppose 0 = 2*u - 3*u + 18. Suppose -16*n = -u*n + 2. Let i be (-78)/(-15)*5/n. What is the highest common factor of 65 and i?
13
Suppose 0 = 2*b + 158 + 176. Let m = 182 + b. What is the greatest common divisor of 120 and m?
15
Let q(v) = 33*v + 10. Let t be q(2). Let i(l) = -4*l**2 + 4*l - l**2 + 3 + 3*l**2 - l**3. Let w be i(-4). Calculate the highest common factor of t and w.
19
Suppose -21*l + 876 + 258 = 0. Calculate the highest common divisor of 126 and l.
18
Let b(p) = -p**3 + 11*p**2 - 32*p - 30. Let y(z) = -2*z**2 + z - 1. Let r(d) = -b(d) + 5*y(d). Let l be r(19). What is the greatest common factor of 9 and l?
3
Suppose 3*j - 5 = 46. Let p be ((-11)/(-2))/(-4 + (-822)/(-204)). What is the highest common factor of p and j?
17
Suppose -3*r - 57 = -h, -h + 0*r + 60 = -4*r. Let w = h + -8. Calculate the highest common divisor of w and 5.
5
Let g(f) = 40*f. Let x be g(1). Let z(w) = -w**2 + 2*w + 1. Let k be z(0). Suppose -4*a = k - 21. What is the greatest common divisor of a and x?
5
Let x(g) = -77*g. Let q be x(-1). Let z be 2 + (-3)/12*-4. Suppose 0 = 3*i - 3*u - 41 + 8, z*i - u - 25 = 0. What is the greatest common factor of q and i?
7
Let f = 190 - 180. What is the highest common factor of f and 170?
10
Let i = -20 - -22. What is the highest common factor of i and 7?
1
Suppose z + 5*s + 294 = 5*z, 4*s = -8. Let l be 2/2*-3 + z. What is the greatest common divisor of l and 51?
17
Let b = 68 + -56. Suppose 6*d - d = 25. Suppose -21 = -k - 0*t - 3*t, -4*k = d*t - 63. Calculate the highest common divisor of k and b.
12
Let m(a) = -32*a - 22. Let s(q) = -31*q - 22. Let v(f) = 2*m(f) - 3*s(f). Let z be v(2). Calculate the highest common divisor of 32 and z.
16
Suppose -18*k = -21*k + 24. Suppose -5*s = 5*j, -10 = -4*j - j. Let f be 33 + 1 - s/(-1). Calculate the greatest common divisor of k and f.
8
Let t be 0/(-1) + 97 + 1. Suppose -2*b - 3*o + 222 = 0, t = b + 2*o - 14. Calculate the highest common factor of 12 and b.
12
Let a = -142 - -145. Calculate the highest common factor of a and 7.
1
Suppose 0 = -6*i + 11*i - 345. Calculate the highest common factor of 23 and i.
23
Suppose 3*b + 50 + 502 = 2*u, 5*u - 1380 = -b. What is the highest common factor of u and 12?
12
Let q(n) = 39*n**2 + 34*n + 25. Let w be q(-4). Calculate the highest common divisor of 54 and w.
27
Let j be (-4 + 5)*349 - 4. What is the highest common factor of 255 and j?
15
Let v(f) = f**3 - 4*f**2 + f + 1. Let u be v(4). Let x be (u - 4)*1 + 0. Let h be ((-270)/20)/(x/(-2)). What is the greatest common divisor of 27 and h?
27
Suppose 189 = 6*d + 9. Calculate the greatest common divisor of 24 and d.
6
Let q = 15 + 155. Calculate the highest common factor of q and 34.
34
Suppose -143 = -3*o - 8*o. What is the greatest common divisor of 104 and o?
13
Let s(a) = 36*a + 1. Let g be s(7). Suppose 138 = -12*z + 18*z. What is the greatest common factor of g and z?
23
Suppose 3*g - g = 4*h + 60, -111 = -5*g - 3*h. What is the greatest common divisor of g and 176?
8
Suppose -4*d - 11 = -71. Let r = -325 + 328. Calculate the highest common factor of r and d.
3
Suppose 5*h = -a + 580, a = 3*h + 4*a - 336. Let u(g) = 2*g**2 + 7*g + 19. Let f be u(-2). What is the highest common divisor of f and h?
13
Let q(b) = 98*b - 833. Let z be q(17). Calculate the highest common factor of 17 and z.
17
Let v be -309*(-5 - (3 + -7)). What is the greatest common factor of v and 12?
3
Let i = -14 - -17. Suppose s + 3 = 0, -5*d = -i*s - 2*s - 80. Let q be (-4)/16 - (-53)/4. What is the highest common factor of d and q?
13
Suppose d - 50 = 5*n - 0*d, -2*n = -3*d + 20. Suppose -x - 3*x - 36 = -4*f, -3*f = -x - 31. Let t = f + n. What is the highest common factor of 8 and t?
1
Let y = 18 - -213. Suppose 8*k + y = 9*k. Calculate the highest common divisor of 33 and k.
33
Suppose 0 = -14*c + 17*c - 72. Suppose -2*z = 3*y - 54 - 2, -c = -y - 2*z. Calculate the greatest common factor of 144 and y.
16
Let i(d) = -d**2 + 24*d - 3. Let y be i(24). Let x(q) = -q**3 - 4*q - 8. Let j be x(y). Calculate the greatest common factor of 217 and j.
31
Suppose 22*x - 20*x = 0. Suppose k + 3 - 33 = x. What is the greatest common divisor of k and 150?
30
Let i be 112/12*312/182. What is the greatest common divisor of i and 264?
8
Suppose -4*s - 4*o - 576 = 0, 0*s = -s - 2*o - 142. Let z = -2 - s. Calculate the highest common divisor of z and 96.
48
Let i be (-1)/(-3) + 41/3. Let m = i - 14. Suppose -3*t + m*l + 8 = -l, 5*l = -2*t - 23. What is the highest common factor of t and 7?
1
Let r(f) = f**3 + 17*f**2 + 40*f + 20. Let b be r(-14). Suppose -47 = -3*q + 7. Suppose 5*o - q = 2*o. Calculate the greatest common factor of b and o.
6
Let z = 193 + 53. Suppose 0 = 4*f + 5*c + 64 - 373, 0 = -3*f + c + z. Calculate the highest common divisor of f and 9.
9
Let w(l) = 12*l. Let c be w(3). Suppose -4*k = -280 - 60. Let j = k - 81. What is the greatest common factor of j and c?
4
Suppose -34 = -2*p + 12. Let n = p + -22. Let m be 94 - (-1 - n) - 1. Calculate the greatest common divisor of m and 38.
19
Suppose 2*g - 7 + 1 = 0. Let t = -776 - -800. Ca